common divisor of 25 and f?
25
Suppose -6*m + 4*q = -m + 52, -4 = -m - 4*q. Let h(k) = -k - 17. Let i be h(m). Let o be ((-1)/(-3))/((-1)/i). Calculate the greatest common divisor of o and 6.
3
Let i be 15/(-35) - 152/(-28). What is the greatest common divisor of i and 40?
5
Suppose 5*n + r = -2*r + 5, 5*n - 5 = -5*r. Let j be (2 - (n - 0)) + 62. What is the highest common divisor of 21 and j?
21
Let k be (12/(-20))/((-48)/45 - -1). Calculate the greatest common factor of k and 72.
9
Suppose -y - 15 = -4*y. Let d be (11/(-5))/((-1)/y). What is the greatest common factor of d and 44?
11
Let c = 10 + 38. Calculate the greatest common factor of c and 6.
6
Suppose 3*v = -v + 192. Let y = 64 - 48. Calculate the highest common factor of v and y.
16
Let a(m) = m**2 - 3*m + 2. Suppose 0 = -2*q - 4*z - 0*z - 18, -2*z = -q + 3. Let x be a(q). Calculate the highest common divisor of 30 and x.
10
Let s be (-42)/(-8) + ((-6)/(-8))/1. What is the greatest common factor of 30 and s?
6
Let z = 6 - 6. Let h = -1 + 5. Suppose z = 2*i - h. Calculate the highest common divisor of 3 and i.
1
Let v = -33 - -253. What is the greatest common divisor of v and 20?
20
Suppose 6*x - 285 = 3*x. What is the highest common factor of x and 19?
19
Let d be (-4)/(-6) + 160/3. Suppose 3*k - 6*k = -d. Suppose -132 = -0*u - 4*u + 3*y, 5*u + 4*y - 196 = 0. What is the greatest common factor of u and k?
18
Let o be (-42)/4 + (-2)/4. Let b = o + 8. Let k = b + 7. Calculate the greatest common divisor of k and 10.
2
Let d(x) = -x**3 + 5*x**2 + 8*x - 8. Let b be d(6). Suppose 2*o = b*o. Suppose -z = -o*z - 90. Calculate the highest common divisor of 9 and z.
9
Let r be -6*(-2)/12*4. Suppose -r*t - h + 4 = -5*h, -4*t + 5*h + 3 = 0. Let z = 20 - t. What is the greatest common divisor of 36 and z?
18
Let f be 2/(-10) + (-222)/(-10). Let b be 54 + 4/(-10)*-5. Let n be b - (-3)/(12/(-4)). Calculate the highest common factor of n and f.
11
Let g be (-8)/((-40)/937) + 2/(-5). What is the greatest common divisor of g and 17?
17
Let s(o) = -4*o**3 + 2*o**2 - 1. Let m be s(-2). Suppose 2*a - m + 1 = 0. Calculate the greatest common divisor of a and 19.
19
Let x(o) be the third derivative of -o**6/120 + o**5/12 + 7*o**4/24 - 7*o**3/6 - 3*o**2. Let q be x(5). What is the greatest common factor of q and 7?
7
Suppose 2*g + 40 = 2*i, -4*i + 28 = -3*i - 3*g. Suppose m - 10 = i. Let b be -4 - (3 + (-100)/5). Calculate the greatest common divisor of m and b.
13
Let r = -7 - -42. Suppose -w + r = 4*w. Calculate the highest common factor of w and 77.
7
Let q be (-8)/12 - 98/(-3). What is the greatest common divisor of q and 80?
16
Let m(b) = -2*b + 11 + b**2 + 11 - 21. Let v be m(4). What is the greatest common divisor of 72 and v?
9
Let z = -1 - -3. Suppose b - p = -z*b + 200, 135 = 2*b - p. What is the highest common divisor of b and 26?
13
Suppose -7*l = -2*l - 480. Calculate the greatest common divisor of 12 and l.
12
Let y be 1/2 - (-1278)/4. What is the greatest common divisor of 20 and y?
20
Suppose 4*r = -5 + 17. Suppose 0*v = r*v. Suppose v*h - 24 = -2*h. Calculate the greatest common divisor of h and 12.
12
Let n(q) = -q**2 - q + 4. Let d be n(-5). Let f be ((-36)/d)/(3/8). Let t(h) = h**2 + h - 3. Let g be t(-4). What is the highest common factor of f and g?
3
Suppose 0 = -2*c + 2*k + 6, c - 4*k - 3 = -0. What is the highest common divisor of 9 and c?
3
Suppose 1 = -q + 21. What is the greatest common factor of q and 50?
10
Let a be 6/4*16 - 2. Let g = -316 - -169. Let j = g - -301. Calculate the greatest common factor of j and a.
22
Let q be 60 + 2 - (-2 - -1). Let n(j) = -j - 1. Let k be n(-7). Let x be (-6)/4*(-28)/k. What is the highest common divisor of q and x?
7
Let n = 5 + 10. Let a = 23 + -8. What is the highest common divisor of a and n?
15
Let g be (11/22)/(1/18). Let p = 3 + 0. Calculate the highest common factor of g and p.
3
Let a = 408 - 213. Suppose 3*c - 453 = a. Calculate the highest common factor of 27 and c.
27
Let r = -28 - -35. What is the highest common divisor of r and 14?
7
Suppose 0 = -2*l - 5 - 1. Let a be (-3)/(l + 8/3). Let o = 11 + -2. Calculate the highest common factor of a and o.
9
Let s(l) = -l + 7. Let t = -8 + 20. Suppose 4*d - t = d. Let w be s(d). What is the greatest common factor of w and 33?
3
Suppose 2*z - 17 = -7. Suppose j + 75 = 4*j. Calculate the greatest common divisor of z and j.
5
Let k be 1*4/(-1)*-1. Calculate the greatest common divisor of 36 and k.
4
Suppose 30 = 4*h + h. What is the highest common divisor of h and 2?
2
Suppose -2*b + 292 = -b. Suppose 0 = -3*g - 2*z + 160, -3*z - b = -8*g + 3*g. Let w = 20 + -12. Calculate the highest common factor of g and w.
8
Suppose -172 = -8*g + 628. What is the greatest common factor of g and 25?
25
Let z = 2 - -5. Let u be 1076/z - 2/(-7). Suppose -2*s + 0*w = -3*w - 31, 0 = 5*s + 2*w - 68. Calculate the highest common divisor of s and u.
14
Let v = 5 - 4. Let x be 5 + v - (3 - 1). Calculate the greatest common divisor of 28 and x.
4
Let h(x) = x**2 - 2*x. Let r be h(2). Let p(a) = 5*a**3 - 1 + a + r*a**3 + 5*a**3. Let b be p(1). Calculate the highest common factor of b and 20.
10
Let b(o) = -29*o - 11. Let v be b(-1). What is the greatest common factor of 42 and v?
6
Let c(j) = -j**3 + 14*j**2 - 6*j - 7. Let i be c(13). What is the highest common factor of 12 and i?
12
Let v be (-4)/3*162/(-12). What is the greatest common factor of v and 27?
9
Let m = 106 + -74. Suppose 43 = 2*g + 11. Calculate the greatest common divisor of m and g.
16
Suppose -2*k + 10 = -2*i - i, 5*k + 4*i = 25. Let t be 1/((-3)/(-6)*2). What is the greatest common factor of k and t?
1
Suppose 4*m = u + 2*m - 3, -4*m = 4. Suppose s = 3 - 2. What is the highest common divisor of u and s?
1
Suppose 8 = 4*i, 108 + 164 = 3*x + i. What is the greatest common factor of x and 9?
9
Let k be -2 + 30 + (-3 - 0). Suppose 3*y - 22 - 8 = 0. What is the greatest common factor of k and y?
5
Suppose 5*u + 55 - 444 = 4*n, -n - 158 = -2*u. What is the highest common divisor of u and 9?
9
Let y = 7 - 5. Suppose y*f - 29 = -3*o, -3*o + 6 + 19 = 4*f. What is the highest common factor of 1 and o?
1
Let v be 12 + (4/2)/1. Let j(b) = 10*b + 16. Let s be j(11). Calculate the highest common divisor of s and v.
14
Let a(g) = g**3 + g**2 - 4. Let f be a(3). Let j = f + -2. Calculate the greatest common divisor of 45 and j.
15
Suppose 0 = 4*w - 61 - 51. What is the highest common factor of 196 and w?
28
Suppose -3*t + 3*d + 153 = 0, d = -t + 35 + 10. Suppose 2*s - 27 = -1. Let p = -7 + s. Calculate the highest common factor of p and t.
6
Suppose -3*u + 0*u = 0. Let i = 12 - u. What is the greatest common factor of 12 and i?
12
Suppose -20 = 4*w - 80. What is the greatest common divisor of w and 30?
15
Suppose 4*a - 4*j - 24 = 0, -j = -3*a + 8 + 14. What is the highest common divisor of 8 and a?
8
Let f = -11 - -15. Suppose 144 = f*r - 0*r. Suppose 3*j - 7 = 155. What is the highest common factor of r and j?
18
Let g = -41 - -13. Let t be 28/6*(-72)/g. What is the highest common factor of t and 4?
4
Let b(h) = 4*h - 3. Let d be b(2). Suppose 11 = 5*m - 4*j - 46, -d*j - 55 = -5*m. What is the greatest common factor of m and 26?
13
Let k be (-2)/(-10) + (-16)/5. Let s be 1*(-1 + 1) - k. Suppose -2 = -s*w + 7. What is the highest common factor of 15 and w?
3
Let x be (-1)/(-4) - 14/(-8). Suppose 2 = 5*s + 12, -236 = -x*r + 3*s. What is the greatest common divisor of r and 23?
23
Let t be (96/20)/((-1)/(-5)). Suppose t = -2*d + 5*d. What is the greatest common factor of d and 8?
8
Let s(o) = -o**2 - 2*o - 1. Let l be s(-1). Let v(w) = -w + 6. Let n be v(l). What is the highest common factor of n and 3?
3
Suppose 5 - 1 = 2*v, 3*z = 2*v + 17. Let r = z - 4. Calculate the highest common divisor of r and 1.
1
Suppose w - 5*w = 0. Suppose 0 = -5*m - w*m + 10. Suppose 0 = -2*x + m*n - 5*n + 23, 5*x - 62 = -3*n. Calculate the greatest common divisor of x and 104.
13
Let j(m) = m + 22. Let p be j(-11). Calculate the highest common factor of 77 and p.
11
Let d(c) = c**3 + 3*c**2 + 2*c - 1. Let s be d(3). Let o = 93 - s. What is the greatest common divisor of o and 17?
17
Let w(p) = -8*p - 20. Let l be w(-10). Suppose 4*k + 4 = l. What is the greatest common divisor 